{"id":3903,"date":"2026-05-06T13:35:47","date_gmt":"2026-05-06T11:35:47","guid":{"rendered":"https:\/\/ardopa.unex.es\/wordpress\/?page_id=3903"},"modified":"2026-05-06T13:36:07","modified_gmt":"2026-05-06T11:36:07","slug":"3903-2","status":"publish","type":"page","link":"http:\/\/ardopa.unex.es\/wordpress\/3903-2\/","title":{"rendered":""},"content":{"rendered":"\t\t<div data-elementor-type=\"wp-page\" data-elementor-id=\"3903\" class=\"elementor elementor-3903\" data-elementor-settings=\"[]\">\n\t\t\t\t\t\t\t<div class=\"elementor-section-wrap\">\n\t\t\t\t\t\t\t<section class=\"elementor-section elementor-top-section elementor-element elementor-element-4f51d554 elementor-section-boxed elementor-section-height-default elementor-section-height-default\" data-id=\"4f51d554\" data-element_type=\"section\">\n\t\t\t\t\t\t<div class=\"elementor-container elementor-column-gap-default\">\n\t\t\t\t\t<div class=\"elementor-column elementor-col-100 elementor-top-column elementor-element elementor-element-36591588\" data-id=\"36591588\" data-element_type=\"column\">\n\t\t\t<div class=\"elementor-widget-wrap elementor-element-populated\">\n\t\t\t\t\t\t\t\t<div class=\"elementor-element elementor-element-3b982619 elementor-widget elementor-widget-text-editor\" data-id=\"3b982619\" data-element_type=\"widget\" data-widget_type=\"text-editor.default\">\n\t\t\t\t<div class=\"elementor-widget-container\">\n\t\t\t\t\t<div class=\"elementor-text-editor elementor-clearfix\"><!-- wp:paragraph -->\n<p>VIVAS MORENO, A.<\/p>\n<!-- \/wp:paragraph --><\/div>\n\t\t\t\t<\/div>\n\t\t\t\t<\/div>\n\t\t\t\t\t<\/div>\n\t\t<\/div>\n\t\t\t\t\t\t\t<\/div>\n\t\t<\/section>\n\t\t\t\t<section class=\"elementor-section elementor-top-section elementor-element elementor-element-7c44137 elementor-section-boxed elementor-section-height-default elementor-section-height-default\" data-id=\"7c44137\" data-element_type=\"section\">\n\t\t\t\t\t\t<div class=\"elementor-container elementor-column-gap-default\">\n\t\t\t\t\t<div class=\"elementor-column elementor-col-100 elementor-top-column elementor-element elementor-element-9f73c03\" data-id=\"9f73c03\" data-element_type=\"column\">\n\t\t\t<div class=\"elementor-widget-wrap elementor-element-populated\">\n\t\t\t\t\t\t\t\t<div class=\"elementor-element elementor-element-88a3570 elementor-widget elementor-widget-heading\" data-id=\"88a3570\" data-element_type=\"widget\" data-widget_type=\"heading.default\">\n\t\t\t\t<div class=\"elementor-widget-container\">\n\t\t\t<h3 class=\"elementor-heading-title elementor-size-large\">Publicaciones 2020<br><\/h3>\t\t<\/div>\n\t\t\t\t<\/div>\n\t\t\t\t\t<\/div>\n\t\t<\/div>\n\t\t\t\t\t\t\t<\/div>\n\t\t<\/section>\n\t\t\t\t<section class=\"elementor-section elementor-top-section elementor-element elementor-element-e0ac200 elementor-section-boxed elementor-section-height-default elementor-section-height-default\" data-id=\"e0ac200\" data-element_type=\"section\">\n\t\t\t\t\t\t<div class=\"elementor-container elementor-column-gap-default\">\n\t\t\t\t\t<div class=\"elementor-column elementor-col-100 elementor-top-column elementor-element elementor-element-ee876d5\" data-id=\"ee876d5\" data-element_type=\"column\">\n\t\t\t<div class=\"elementor-widget-wrap elementor-element-populated\">\n\t\t\t\t\t\t\t\t<div class=\"elementor-element elementor-element-ee6752e elementor-widget-divider--view-line elementor-widget elementor-widget-divider\" data-id=\"ee6752e\" data-element_type=\"widget\" data-widget_type=\"divider.default\">\n\t\t\t\t<div class=\"elementor-widget-container\">\n\t\t\t\t\t<div class=\"elementor-divider\">\n\t\t\t<span class=\"elementor-divider-separator\">\n\t\t\t\t\t\t<\/span>\n\t\t<\/div>\n\t\t\t\t<\/div>\n\t\t\t\t<\/div>\n\t\t\t\t<div class=\"elementor-element elementor-element-8dcd840 elementor-widget elementor-widget-text-editor\" data-id=\"8dcd840\" data-element_type=\"widget\" data-widget_type=\"text-editor.default\">\n\t\t\t\t<div class=\"elementor-widget-container\">\n\t\t\t\t\t<div class=\"elementor-text-editor elementor-clearfix\"><p style=\"padding-left: 30px; text-align: left;\"><strong>LIBROS<\/strong><\/p><p><span style=\"font-weight: 400;\">VIVAS MORENO, A.;\u00a0<\/span>VALHONDO CREGO, JL. La construcci\u00f3n de personajes audiovisuales. Habilidades informativas. pp. 1 \u2013 188. Barcelona, Catalu\u00f1a(Espa\u00f1a): Gedisa,<\/p><p>VIVAS MORENO, A.\u00a0Patrimonio Documental y Bibliogr\u00e1fico del Seminario San At\u00f3n de Badajoz<em>.\u00a0<\/em>Badajoz: Diputaci\u00f3n Provincial<\/p><p>VIVAS MORENO, A.\u00a0La documentaci\u00f3n en materia de urbanismo y obras p\u00fablicas. El caso del archivo territorial de Badajoz.<em>\u00a0<\/em>Madrid: McGraw Hill<\/p><p>VIVAS MORENO, A.\u00a0Series documentales para el estudio de las C\u00e1tedras en las universidades hisp\u00e1nicas de los siglos XVI-XVIII: el modelo cl\u00e1sico de Salamanca.<em>\u00a0<\/em>Madrid: McGraw Hill<\/p><p>VIVAS MORENO, A.\u00a0La construcci\u00f3n de personajes audiovisuales. Habilidades informativas.\u00a0Barcelona: Gedisa<\/p><p>\u00a0<\/p><p style=\"padding-left: 30px;\"><b>CAP\u00cdTULOS DE LIBROS<\/b><\/p><p>VALHONDO CREGO, JL. ; VIVAS MORENO, A.; BL\u00c1ZQUEZ RUIZ J. Estetizaci\u00f3n de la Ciencia. C\u00f3mo funciona el storytelling de los mejores documentales sobre ciencia. En Cabrera Collazo, Rafael L. (Ed). Rumbos atrevidos, pero necesarios: conversaciones entre innovaci\u00f3n, arte y creatividad. pp. 119 \u2013 128. Madrid, Comunidad de(Espa\u00f1a): Global Knowedge Academics GKA Ed.<\/p><p>VIVAS MORENO, A.; GONZ\u00c1LEZ LOZANO, JF;\u00a0 P\u00c9REZ ORTIZ, G. La investigaci\u00f3n geneal\u00f3gica en archivos de seminarios. El ejemplo del Seminario San At\u00f3n y sus alumnos. Retos y tendencias de la investigaci\u00f3n Hispano-Mexicana en Ciencias de la Informaci\u00f3n y la Documentaci\u00f3n. pp. 126 \u2013 143. Madrid, Madrid, Comunidad de(Espa\u00f1a): Universidad Complutense de Madrid,<\/p><p>VALHONDO CREGO, JL. ; VIVAS MORENO, A.; BL\u00c1ZQUEZ RUIZ J. Conducirse. La construcci\u00f3n del personaje f\u00edlmico a trav\u00e9s del caso de Drive. En Cabrera Collazo, Rafael L. (Ed). Rumbos atrevidos, pero necesarios: conversaciones entre innovaci\u00f3n, arte y creatividad. pp. 259 \u2013 274. Madrid, Madrid, Comunidad de(Espa\u00f1a): Global Knowedge Academics. GKA Ed.<\/p><p>VIVAS MORENO, A.; NU\u00d1O MORAL, V. ;\u00a0 RUBIANO MONTA\u00d1O, P. Los recursos documentales fotogr\u00e1ficos en Extremadura. Retos y tendencias de la investigaci\u00f3n Hispano-Mexicana en Ciencias de la Informaci\u00f3n y la Documentaci\u00f3n. pp. 144 \u2013 160. Madrid, Madrid, Comunidad de(Espa\u00f1a): Universidad Complutense de Madrid<\/p><p>VIVAS MORENO, A.; VALHONDO CREGO, JL. Populismo medi\u00e1tico y s\u00e1tira pol\u00edtica: una perspectiva hist\u00f3rica de la apelaci\u00f3n al \u00abpueblo\u00bb. En Rodr\u00edguez Breijo, Vanessa; Trenta Milena; Toledano Buend\u00eda, Samuel; Hern\u00e1ndez,; Adv\u00e8vol Abreu, Alberto; \u00c1lvarez Nobell, Alejandro; Morales, Lucas; Hidalgo-Mar\u00ed, Tatiana; Barrientos B\u00e1ez, Almudena (Eds). Las nuevas narrativas, en el entorno social. La Laguna, Canarias(Espa\u00f1a): Sociedad Latina de Comunicaci\u00f3n Social,<\/p><p>VIVAS MORENO, A.; VALHONDO CREGO, JL. ;\u00a0BL\u00c1ZQUEZ RUIZ J. Teor\u00eda de la mente y estilos cinematogr\u00e1ficos. Comparaci\u00f3n del storytelling Cl\u00e1sico y Moderno. En Cabrera Collazo, Rafael L. (Ed). Rumbos atrevidos, pero necesarios: conversaciones entre innovaci\u00f3n, arte y creatividad. pp. 105 \u2013 117. Madrid, Madrid, Comunidad de(Espa\u00f1a): Global Knowedge Academics GKA Ed,\u00a0<\/p><p>VIVAS MORENO, A. \u00abMedia populism and political satire: a historical perspective of the appeal to the \u201cpeople\u201d. Las nuevas narrativas, en el entorno social. La Laguna: Universidad de La Laguna,<\/p><p>\u00a0<\/p><p><b>\u00a0 \u00a0 \u00a0 \u00a0ART\u00cdCULOS CIENT\u00cdFICOS<\/b><\/p><p>VIVAS MORENO, A. \u201cLa documentaci\u00f3n de los proyectos de \u201cObra Sindical\u00a0 del\u00a0 Hogar\u00a0 (OHS)\u201d\u00a0 y\u00a0 \u201cObra\u00a0 Sindical\u00a0 de\u00a0 Educaci\u00f3n\u00a0 y\u00a0 Descanso\u00a0 (EyD)\u201d\u00a0 en\u00a0 la\u00a0 provincia de Badajoz\u201d, Revista General de Informaci\u00f3n y Documentaci\u00f3n, 30, 1\u00a0<\/p><p>VIVAS MORENO, A. \u201cIrrupci\u00f3n de radio y divulgaci\u00f3n en el aula para promover las vocaciones cient\u00edficas en primaria\u201d, Revista Eureka sobre Ense\u00f1anza y Divulgaci\u00f3n de las Ciencias, 17, 3 (<\/p><p>VIVAS MORENO, A. \u201cAn\u00e1lisis archiv\u00edstico de los proyectos de construcci\u00f3n de las casas cuartel durante el franquismo: el ejemplo de la provincia de Badajoz (1943-1971)\u201d, Brocar. Cuadernos de Investigaci\u00f3n Hist\u00f3rica, 17,3\u00a0<\/p><p>VIVAS MORENO, A. \u201cHistorical-photographical information system for the study of trades: An example of a technological application for the analysis of photographic documentation\u201d, Revista Panamericana de Comunicaci\u00f3n, 2, 1 (2020) https:\/\/rpc.up.edu.mx\/sistema-de-informacion-historico-fotografico-para-el-estudio-de-los-oficios-ejemplo-de-aplicacion-tecnologica-para-el-analisis-de-la-documentacion-fotografica<\/p><p>VIVAS MORENO, A.; PAREJO CUELLAR, M. ; MART\u00cdN PENA, D. Alergia y prehistoria en la prensa escrita espa\u00f1ola. TransInforma\u00e7ao. 32, Sao Paulo(Brasil): Pontificia Universidad Cat\u00f3lica de Campinas,<\/p><p>VIVAS MORENO, A.; PAREJO CUELLAR, M. ; MART\u00cdN PENA, D. Allergy &amp; prehistory in Spanish written press\u201d, Transinforma\u00e7\u00e3o, 32,\u00a0<a style=\"background-color: #ffffff;\" href=\"https:\/\/doi.org\/10.1590\/1678-9865202032e200010\">https:\/\/doi.org\/10.1590\/1678-9865202032e200010<\/a><\/p><p>\u00a0<\/p><\/div>\n\t\t\t\t<\/div>\n\t\t\t\t<\/div>\n\t\t\t\t\t<\/div>\n\t\t<\/div>\n\t\t\t\t\t\t\t<\/div>\n\t\t<\/section>\n\t\t\t\t\t\t<\/div>\n\t\t\t\t\t<\/div>\n\t\t","protected":false},"excerpt":{"rendered":"<p>VIVAS MORENO, A. Publicaciones 2020 LIBROS VIVAS MORENO, A.;\u00a0VALHONDO CREGO, JL. La construcci\u00f3n de personajes audiovisuales. Habilidades informativas. pp. 1 \u2013 188. Barcelona, Catalu\u00f1a(Espa\u00f1a): Gedisa, VIVAS MORENO, A.\u00a0Patrimonio Documental y Bibliogr\u00e1fico del Seminario San At\u00f3n de Badajoz.\u00a0Badajoz: Diputaci\u00f3n Provincial VIVAS MORENO, A.\u00a0La documentaci\u00f3n en materia de urbanismo y obras p\u00fablicas. El caso del archivo territorial [&hellip;]<\/p>\n","protected":false},"author":2,"featured_media":0,"parent":0,"menu_order":0,"comment_status":"closed","ping_status":"closed","template":"","meta":[],"_links":{"self":[{"href":"http:\/\/ardopa.unex.es\/wordpress\/wp-json\/wp\/v2\/pages\/3903"}],"collection":[{"href":"http:\/\/ardopa.unex.es\/wordpress\/wp-json\/wp\/v2\/pages"}],"about":[{"href":"http:\/\/ardopa.unex.es\/wordpress\/wp-json\/wp\/v2\/types\/page"}],"author":[{"embeddable":true,"href":"http:\/\/ardopa.unex.es\/wordpress\/wp-json\/wp\/v2\/users\/2"}],"replies":[{"embeddable":true,"href":"http:\/\/ardopa.unex.es\/wordpress\/wp-json\/wp\/v2\/comments?post=3903"}],"version-history":[{"count":3,"href":"http:\/\/ardopa.unex.es\/wordpress\/wp-json\/wp\/v2\/pages\/3903\/revisions"}],"predecessor-version":[{"id":3906,"href":"http:\/\/ardopa.unex.es\/wordpress\/wp-json\/wp\/v2\/pages\/3903\/revisions\/3906"}],"wp:attachment":[{"href":"http:\/\/ardopa.unex.es\/wordpress\/wp-json\/wp\/v2\/media?parent=3903"}],"curies":[{"name":"wp","href":"https:\/\/api.w.org\/{rel}","templated":true}]}}